the hundreds digit of 923 - -7*4/(-14)?
9
Let a = 4098 + -2142. What is the units digit of a?
6
Suppose 10 = -3*i + 4. Let x be (-3)/3*(i + -1). Suppose -2*n - 3*n - 20 = 0, -x*b - 5*n = -52. What is the units digit of b?
4
Let h(g) = -149*g - 340. What is the thousands digit of h(-13)?
1
Suppose -2*t + 6 = -4. Suppose -2*f - t*b + 7 = 0, 3*b + 0*b = 3. What is the units digit of 16/(3 - f/1)?
8
Suppose 3*w - w = -3*x + 13, -4*x = 5*w - 36. Suppose -7*i - 37 = -w*i. What is the tens digit of (i/(-4))/(3/(-12))?
3
Let i be (-11 - -9)/(-1 - 1). Suppose 5 - i = 2*p. Suppose -5*j = 2*t - 13, 4 = -p*j - 6. What is the tens digit of t?
1
Let g = -33 - -305. Let a = g - 140. What is the tens digit of a?
3
Suppose -13*j = -23*j + 3780. What is the hundreds digit of j?
3
Let u(k) = -7*k + 0*k + 2*k**2 - 7 - 2 + 2*k. What is the tens digit of u(10)?
4
Suppose 0*q - 5*q + 80 = 0. Suppose -q - 7 = -j. What is the units digit of j?
3
Let f(i) = 8*i**2 - 14*i + 494. What is the hundreds digit of f(20)?
4
Suppose 1937 = m + 5*n, -2*m - 3*n + 8*n = -3904. What is the hundreds digit of m?
9
Let y(n) be the third derivative of 11*n**4/24 + 20*n**3/3 + 60*n**2. What is the hundreds digit of y(17)?
2
Let h(v) = -v**3 + 6*v**2 - 3. Let y be h(6). What is the tens digit of 72/30*(-40)/y?
3
Let x = -241 + 368. Suppose -k + x = 21. What is the units digit of k?
6
Suppose 418 = -0*i - 2*i. Let a = i + 380. What is the units digit of a?
1
What is the hundreds digit of 24/228 - ((-13486)/38 + 0)?
3
Suppose 0 = a - b - 0*b + 6, -a - 4*b + 9 = 0. Let c = -65 + 63. What is the tens digit of a/c + 106/4?
2
Suppose 0 = -2*h + h + 1. Suppose 4*g + 3*t - 37 = 0, 5*g = -t - h + 61. Suppose -3 = 3*k, g = m + m - 5*k. What is the units digit of m?
4
Let u = 11 + -19. Let z = -11 - u. What is the tens digit of (-3 - 12/z)*17?
1
Suppose 0 = -5*j - 3 + 13. Suppose 5*c = -2*n + 5, -c + n = -j - 6. Suppose -3*b + f - 5 = -c*f, 0 = 4*b - 2*f. What is the units digit of b?
1
Let d = 25 - 25. Suppose d = -5*c + 181 + 284. What is the units digit of c?
3
Let v(q) = -2*q**2 - 16*q - 51. Let w be v(-7). Suppose 5*i = 5, 128 + 2 = -5*r + 5*i. Let u = r - w. What is the units digit of u?
2
Let b be (-4)/(-18) + (-12)/54. Suppose -32 = -3*j + j - 4*k, b = j - k - 16. What is the units digit of j?
6
Suppose 10*r - 129 = -5*k + 14*r, -3*r - 46 = -2*k. What is the units digit of k?
9
What is the hundreds digit of (-4)/(-6) - 256368/(-144)?
7
Suppose 0 = 2*c - 4*d, 0 = 3*d - 2*d - 5. Suppose 0 = -x - c - 4. Let n = x - -35. What is the units digit of n?
1
Suppose -f - 6 = -2*f. Suppose 3*g = 6*g + f. Let b = 2 - g. What is the units digit of b?
4
Suppose 0*x = -3*v - 5*x - 84, v - 5*x + 8 = 0. Suppose 60 = 3*i - 51. Let g = v + i. What is the tens digit of g?
1
Let j = 479 - 139. What is the tens digit of j?
4
Let i(n) = -40*n. Let a be (1/(-3))/((-6)/(-18)). Let d be i(a). Let g = 58 - d. What is the tens digit of g?
1
Suppose -4*k + 528 = -k + 3*n, -k = 5*n - 192. What is the units digit of k?
2
Suppose f - 26 = 27. Suppose -5*a - 28 - 119 = -2*l, 2*a = -5*l - f. Let z = a - -53. What is the units digit of z?
4
Suppose -1510 = -84*o + 82*o. What is the hundreds digit of o?
7
Let l = -1133 + 2027. What is the tens digit of l?
9
Suppose 0 = -34*w - 28*w + 83018. What is the tens digit of w?
3
Let b be (-2 - (0 + -2)) + -222. Let s be b/(-11) - (-4)/(-22). Suppose -3*k + 7 = -s. What is the units digit of k?
9
Let q(k) = k - 6 - k - 6*k + 0*k. What is the tens digit of q(-10)?
5
Let g be (130/(-20))/((-2)/(-4)). Suppose -24 = -4*q + q. What is the units digit of (18/q)/(g/(-52))?
9
Let d be 2/(-5)*-20*15. Suppose 4*p + d = 2*t, 4*t - 2*p + 0*p - 264 = 0. What is the tens digit of t?
6
Let k = 17640 - 12587. What is the tens digit of k?
5
Suppose -19*g + 64024 = -3160. What is the thousands digit of g?
3
Suppose 3*m - 369 = -u + 155, -3*m - 1057 = -2*u. What is the hundreds digit of u?
5
Let l(w) = -77*w + 4. Suppose -2 + 56 = -6*a. Let z(k) = 19*k - 1. Let i(h) = a*z(h) - 2*l(h). What is the tens digit of i(-3)?
5
Suppose -49*d = -52*d - 12, -2*n - d = -2830. What is the units digit of n?
7
Suppose 4*p - 1549 + 597 = 2*a, 244 = p - 2*a. What is the units digit of p?
6
Suppose 0 = -11*m + 16*m. Suppose m = -3*z + 35 - 101. Let r = 33 + z. What is the units digit of r?
1
Let o be 4/((-43)/(-234) - 4/18). Let d = -8 - o. What is the units digit of d?
6
Let j(f) = -f**2 - 11*f + 15. Let n be j(-12). Suppose 5*s - n*b = b + 330, b = -2*s + 132. What is the units digit of s?
6
Suppose -17 = -11*i + 38. Suppose -111 = i*c - 8*c. What is the tens digit of c?
3
Let b(i) = -637*i - i**3 - 25 + 636*i + 2*i**3 - 14*i**2. What is the hundreds digit of b(15)?
1
Suppose 0 = 3*o + w + 4*w - 9058, 0 = -3*o - w + 9062. What is the tens digit of o?
2
Let f = 333 + -242. What is the tens digit of f?
9
Suppose -4*x + z + 2401 = 0, -z + 64 = x - 535. What is the hundreds digit of x?
6
Let m be (-1 - (-27)/6)/(2/(-4)). Let x = m + 48. What is the units digit of x?
1
Suppose 0 = 3*m - 5*a - 1569, 4*a + 561 = -3*m + 2103. What is the units digit of m?
8
Suppose 3*v + 2*v - 3*g = 1625, -5*v - 3*g + 1625 = 0. What is the units digit of (-2)/(965/v - 3)?
5
Let y(t) = 2*t + 2. Let s be y(1). Suppose -s*v = 4, 0 = 4*a - 3*a - v - 1. Suppose 4*g = -0*b - 4*b + 140, a = 4*g - 12. What is the tens digit of b?
3
Let q(b) be the third derivative of -b**7/210 + b**6/360 + b**4/12 + b**3 - 7*b**2. Let r(y) be the first derivative of q(y). What is the tens digit of r(-2)?
3
Suppose -4 = f, 0 = -4*z + 3*z - f + 1. Suppose -134 = z*n - 564. What is the tens digit of n?
8
Suppose -8*y - 9 = -17*y. What is the units digit of y?
1
Let k = -3 + 6. Let f be 5*k*1/15. Suppose 0 = 3*m - f - 2. What is the units digit of m?
1
Let r = 72 + 0. Suppose 2*u = r + 8. What is the units digit of u?
0
Suppose -4*m - g - 49 = -6*g, 2*g = -5*m - 20. Let n(b) = -b**3 - b**2 - 16*b - 13. What is the tens digit of n(m)?
6
Suppose b = -4*l + 2304, 0 = -3*b - 0 + 12. What is the hundreds digit of l?
5
Let m(f) = -74*f + 583. What is the units digit of m(-38)?
5
Let s(m) = m**3 + m**2 + m + 2. Let f(n) = 3*n**3 + 4*n**2 + 3*n + 7. Let h(j) = 6*f(j) - 17*s(j). What is the units digit of h(-7)?
1
Let p(w) = -4*w**3 - 4*w**2 - 25*w - 88. What is the tens digit of p(-8)?
0
Suppose 2*s + 3*q + 480 = 54, -214 = s + q. Let a = -103 - s. What is the hundreds digit of a?
1
Suppose 0 = 4*y + 2*p - 2926, 3662 = 5*y - 11*p + 12*p. What is the units digit of y?
3
Suppose -5*q + 4533 = c, 9*c = -2*q + 8*c + 1812. What is the units digit of q?
7
Let i(j) = -3*j**2 + j + 6. Let x be i(-4). Let w be (x/4)/((-8)/16). Suppose 5*l + w = u, -47 = -u - 3*l - 0*l. What is the units digit of u?
8
Let b(s) = s**3 - 40*s**2 + 176*s + 112. What is the thousands digit of b(38)?
3
Let w(m) = -7*m + 6. Let r(k) = -3*k - 3. Let t be r(-2). Suppose 6 = b - t*b. What is the units digit of w(b)?
7
Let c(n) = -9*n + 80. Let t be c(0). Let j = t + -74. What is the units digit of j?
6
Suppose 6*z - y - 29 = 2*z, -44 = -4*z + 4*y. Suppose 18*q - 2496 = z*q. What is the tens digit of q?
0
Suppose -3*o + 50 = 41. Suppose 16 = -o*m + 232. What is the tens digit of m?
7
Let q(o) = 7*o - 1. Let v be q(-17). What is the units digit of v*((-28)/8 - -3)?
0
Let l = -133 - 15. Let i = -99 - l. Let r = i + 1. What is the units digit of r?
0
Let b = -250 - -2652. What is the units digit of b?
2
Let s(y) = -2*y + 32. Let l be s(13). Suppose q + 210 = l*q. Suppose 2*j + q = g, 2*g - 219 = -3*g + j. What is the tens digit of g?
4
Suppose 6*s - 4014 = -402. What is the hundreds digit of s?
6
Let j(a) = 6*a - 6. Let u be j(-5). Let t = u + 69. Let l = 62 - t. What is the tens digit of l?
2
Let a be 10/(((-4)/(-8))/(-1)). Let h be (36/a)/(2/(-10)). Suppose -h = b - 2*b - 5*d, -3*d - 9 = 0. What is the tens digit of b?
2
Let g = 34 - 29. Suppose -j + 89 = 5*h - 105, 2*j - g*h = 418. Let v = -135 + j. What is the units digit of v?
9
Let v(p) = 7*p + 52*p + 2*p - 3. Suppose -4 = l + 5*y, l - 6*l = 2*y - 3. What is the units digit of v(l)?
8
Suppose -r + 9 = 2*r. Suppose 5*y - 5 = 5, 3*s = r*y. Suppose 5*j + 4*o - 90 = 0, -j + 37 = s*j - o. What is the tens digit of j?
1
Let x = 20 + -11. Suppose -2*r - 3 = x. Let 